177993?
40
Calculate the remainder when 86994 is divided by 1010.
134
What is the remainder when 201868707 is divided by 99?
84
Calculate the remainder when 1994448189 is divided by 7458.
7455
What is the remainder when 428227 is divided by 11886?
331
Calculate the remainder when 1956815 is divided by 489088.
463
Calculate the remainder when 19898797 is divided by 6632922.
31
What is the remainder when 304084 is divided by 1056?
1012
What is the remainder when 36471778 is divided by 1750?
28
What is the remainder when 6900 is divided by 3383?
134
What is the remainder when 151144097 is divided by 2957?
2956
Calculate the remainder when 44045339 is divided by 11.
8
Calculate the remainder when 208853664 is divided by 14.
12
What is the remainder when 62041062 is divided by 471?
0
Calculate the remainder when 2302184 is divided by 25579.
74
What is the remainder when 956664 is divided by 955301?
1363
What is the remainder when 251956 is divided by 25194?
16
Calculate the remainder when 317546 is divided by 245.
26
Calculate the remainder when 2605416 is divided by 2081.
4
What is the remainder when 1369233 is divided by 665?
663
What is the remainder when 976689 is divided by 1430?
1429
Calculate the remainder when 1461347 is divided by 1113.
1091
Calculate the remainder when 37503 is divided by 9244.
527
Calculate the remainder when 351485 is divided by 116197.
2894
What is the remainder when 1629842 is divided by 35?
32
Calculate the remainder when 218547 is divided by 171.
9
What is the remainder when 4878451 is divided by 66?
61
Calculate the remainder when 8791003 is divided by 257.
61
Calculate the remainder when 2428813 is divided by 408.
397
What is the remainder when 19285826 is divided by 116179?
112
What is the remainder when 407333 is divided by 15?
8
What is the remainder when 4773127 is divided by 954614?
57
Calculate the remainder when 17207758 is divided by 111.
94
Calculate the remainder when 566023775 is divided by 16.
15
Calculate the remainder when 3004364 is divided by 70.
34
What is the remainder when 3467 is divided by 3135?
332
Calculate the remainder when 371544 is divided by 123378.
1410
Calculate the remainder when 3603659 is divided by 144143.
84
Calculate the remainder when 73151 is divided by 31002.
11147
What is the remainder when 1007101 is divided by 65?
56
What is the remainder when 52916 is divided by 12861?
1472
What is the remainder when 190106924 is divided by 5463?
5450
Calculate the remainder when 2398405 is divided by 162.
157
What is the remainder when 1309222 is divided by 1309217?
5
What is the remainder when 15368 is divided by 4024?
3296
Calculate the remainder when 36989196 is divided by 775.
771
Calculate the remainder when 20510 is divided by 45.
35
What is the remainder when 2570343 is divided by 160645?
23
What is the remainder when 373153 is divided by 92741?
2189
Calculate the remainder when 196197 is divided by 9855.
8952
What is the remainder when 376222 is divided by 1930?
1802
Calculate the remainder when 9002678 is divided by 392.
6
What is the remainder when 6040746 is divided by 17210?
36
Calculate the remainder when 247562 is divided by 536.
466
What is the remainder when 181011 is divided by 179?
42
Calculate the remainder when 156496458 is divided by 46.
42
Calculate the remainder when 5665224 is divided by 91.
19
Calculate the remainder when 9855604 is divided by 23081.
17
What is the remainder when 51031438 is divided by 8?
6
What is the remainder when 55822378 is divided by 76?
74
Calculate the remainder when 256910176 is divided by 329.
327
What is the remainder when 164252 is divided by 20496?
284
Calculate the remainder when 1329116 is divided by 168.
68
Calculate the remainder when 4734023 is divided by 1818.
1769
What is the remainder when 58063 is divided by 28426?
1211
What is the remainder when 8034292 is divided by 110?
2
What is the remainder when 3661102 is divided by 267?
265
What is the remainder when 254658 is divided by 50876?
278
Calculate the remainder when 83751 is divided by 41756.
239
What is the remainder when 33646430 is divided by 6?
2
What is the remainder when 4689598 is divided by 2955?
13
Calculate the remainder when 35018 is divided by 34764.
254
Calculate the remainder when 105329597 is divided by 21065918.
7
Calculate the remainder when 6135053 is divided by 16.
13
What is the remainder when 4761262 is divided by 1709?
1697
Calculate the remainder when 5050748 is divided by 227.
225
Calculate the remainder when 179928932 is divided by 171.
167
Calculate the remainder when 145593 is divided by 2903.
443
What is the remainder when 67320749 is divided by 19251?
2
What is the remainder when 8954 is divided by 985?
89
Calculate the remainder when 2451535 is divided by 413.
380
What is the remainder when 133407 is divided by 1105?
807
What is the remainder when 82300 is divided by 455?
400
What is the remainder when 51880748 is divided by 7411535?
3
Calculate the remainder when 266259 is divided by 133128.
3
What is the remainder when 40542 is divided by 20195?
152
What is the remainder when 13928464 is divided by 99489?
4
What is the remainder when 26466 is divided by 226?
24
Calculate the remainder when 8007524 is divided by 3551.
19
Calculate the remainder when 29696277 is divided by 340.
337
Calculate the remainder when 31296373 is divided by 3477374.
7
Calculate the remainder when 829701 is divided by 414165.
1371
What is the remainder when 76426 is divided by 19066?
162
What is the remainder when 4668008 is divided by 1189?
1183
What is the remainder when 102182480 is divided by 329?
15
What is the remainder when 240237 is divided by 120116?
5
What is the remainder when 5474445 is divided by 17?
3
What is the remainder when 1104218 is divided by 5?
3
Calculate the remainder when 7716697 is divided by 1377.
1366
Calculate the remainder when 1233496 is divided by 6017.
11
What is the remainder when 104327 is divided by 20775?
452
What is the remainder when 589951 is divided by 66?
43
What is the remainder when 94137 is divided by 15232?
2745
What is the remainder when 26946769 is divided by 77?
3
What is the remainder when 4602519 is divided by 20?
19
Calculate the remainder when 12543 is divided by 8608.
3935
Calculate the remainder when 22946540 is divided by 17941.
1
What is the remainder when 2041764 is divided by 680568?
60
What is the remainder when 3516909 is divided by 617?
9
What is the remainder when 52872 is divided by 1443?
924
What is the remainder when 49854 is divided by 48495?
1359
Calculate the remainder when 459494 is divided by 5823.
5300
Calculate the remainder when 22615960 is divided by 356.
348
Calculate the remainder when 1065677 is divided by 72.
5
Calculate the remainder when 62676542 is divided by 62676519.
23
Calculate the remainder when 8757311 is divided by 221.
186
Calculate the remainder when 1195841 is divided by 708.
29
What is the remainder when 250786 is divided by 8?
2
What is the remainder when 1975211 is divided by 3331?
3259
What is the remainder when 45483 is divided by 1731?
477
Calculate the remainder when 21899308 is divided by 359005.
3
Calculate the remainder when 758301 is divided by 17603.
1372
Calculate the remainder when 14773621 is divided by 984908.
1
What is the remainder when 7714637 is divided by 8?
5
Calculate the remainder when 65939 is divided by 55.
49
What is the remainder when 5825708 is divided by 299?
291
Calculate the remainder when 1089798 is divided by 29454.
0
What is the remainder when 3425145 is divided by 342507?
75
What is the remainder when 60791 is divided by 20053?
632
What is the remainder when 6469110 is divided by 266?
256
Calculate the remainder when 7119 is divided by 2100.
819
Calculate the remainder when 765640 is divided by 127588.
112
What is the remainder when 9285684 is divided by 4606?
4594
Calculate the remainder when 81943 is divided by 1321.
41
Calculate the remainder when 1560520 is divided by 312100.
20
What is the remainder when 175359 is divided by 1267?
513
Calculate the remainder when 1505072 is divided by 23.
21
What is the remainder when 1310584 is divided by 175?
9
What is the remainder when 2928176 is divided by 7871?
164
Calculate the remainder when 